{"id":7,"date":"2021-04-20T18:18:42","date_gmt":"2021-04-20T18:18:42","guid":{"rendered":"https:\/\/polar.org.tr\/?page_id=7"},"modified":"2024-10-06T15:15:04","modified_gmt":"2024-10-06T15:15:04","slug":"bize-ulasin","status":"publish","type":"page","link":"https:\/\/polar.org.tr\/?page_id=7","title":{"rendered":"Bize ula\u015f\u0131n"},"content":{"rendered":"\n<figure class=\"wp-block-image size-large\"><img loading=\"lazy\" decoding=\"async\" width=\"400\" height=\"283\" src=\"https:\/\/polar.org.tr\/wp-content\/uploads\/2021\/04\/POLAR-LOGO-W1.jpg\" alt=\"\" class=\"wp-image-79\" srcset=\"https:\/\/polar.org.tr\/wp-content\/uploads\/2021\/04\/POLAR-LOGO-W1.jpg 400w, https:\/\/polar.org.tr\/wp-content\/uploads\/2021\/04\/POLAR-LOGO-W1-300x212.jpg 300w\" sizes=\"auto, (max-width: 400px) 100vw, 400px\" \/><\/figure>\n\n\n\n<p>Kavakl\u0131dere Mahallesi<br>Ball\u0131 Sokak No:8\/6<br>Benadam \u0130\u015f Merkezi Kat:3<br>\u00c7ankaya \/ Ankara<\/p>\n\n\n\n<p>0532. 227 05 68<\/p>\n\n\n\n<p>polar.merkez@gmail.com<\/p>\n","protected":false},"excerpt":{"rendered":"<p>Kavakl\u0131dere MahallesiBall\u0131 Sokak No:8\/6Benadam \u0130\u015f Merkezi Kat:3\u00c7ankaya \/ Ankara 0532. 227 05 68 polar.merkez@gmail.com<\/p>\n","protected":false},"author":1,"featured_media":0,"parent":0,"menu_order":0,"comment_status":"closed","ping_status":"closed","template":"","meta":{"footnotes":""},"class_list":["post-7","page","type-page","status-publish","hentry"],"_links":{"self":[{"href":"https:\/\/polar.org.tr\/index.php?rest_route=\/wp\/v2\/pages\/7","targetHints":{"allow":["GET"]}}],"collection":[{"href":"https:\/\/polar.org.tr\/index.php?rest_route=\/wp\/v2\/pages"}],"about":[{"href":"https:\/\/polar.org.tr\/index.php?rest_route=\/wp\/v2\/types\/page"}],"author":[{"embeddable":true,"href":"https:\/\/polar.org.tr\/index.php?rest_route=\/wp\/v2\/users\/1"}],"replies":[{"embeddable":true,"href":"https:\/\/polar.org.tr\/index.php?rest_route=%2Fwp%2Fv2%2Fcomments&post=7"}],"version-history":[{"count":3,"href":"https:\/\/polar.org.tr\/index.php?rest_route=\/wp\/v2\/pages\/7\/revisions"}],"predecessor-version":[{"id":84,"href":"https:\/\/polar.org.tr\/index.php?rest_route=\/wp\/v2\/pages\/7\/revisions\/84"}],"wp:attachment":[{"href":"https:\/\/polar.org.tr\/index.php?rest_route=%2Fwp%2Fv2%2Fmedia&parent=7"}],"curies":[{"name":"wp","href":"https:\/\/api.w.org\/{rel}","templated":true}]}}