{"id":6,"date":"2021-04-20T18:18:42","date_gmt":"2021-04-20T18:18:42","guid":{"rendered":"https:\/\/polar.org.tr\/?page_id=6"},"modified":"2024-10-06T15:22:51","modified_gmt":"2024-10-06T15:22:51","slug":"hakkimizda","status":"publish","type":"page","link":"https:\/\/polar.org.tr\/?page_id=6","title":{"rendered":"Hakk\u0131m\u0131zda"},"content":{"rendered":"\n<p><strong>Polar &#8211; Politik Ara\u015ft\u0131rmalar Merkezi<\/strong> 2018 y\u0131l\u0131nda kurulmu\u015f bir d\u00fc\u015f\u00fcnce kurulu\u015fudur.<\/p>\n\n\n\n<p>\u00c7al\u0131\u015ft\u0131\u011f\u0131 proje, ki\u015fi ve kurumlar i\u00e7in \u00f6ncelikli olarak <strong>Politika Notlar\u0131<\/strong> \u00fcretmekte, se\u00e7im sonu\u00e7lar\u0131 analizleri ve raporlar\u0131 yay\u0131nlamaktad\u0131r.<\/p>\n\n\n\n<p><\/p>\n\n\n\n<div class=\"wp-block-media-text is-stacked-on-mobile\" style=\"grid-template-columns:20% auto\"><figure class=\"wp-block-media-text__media\"><img loading=\"lazy\" decoding=\"async\" width=\"598\" height=\"598\" src=\"https:\/\/polar.org.tr\/wp-content\/uploads\/2024\/10\/CV-FOTO-Y.png\" alt=\"\" class=\"wp-image-88 size-full\" srcset=\"https:\/\/polar.org.tr\/wp-content\/uploads\/2024\/10\/CV-FOTO-Y.png 598w, https:\/\/polar.org.tr\/wp-content\/uploads\/2024\/10\/CV-FOTO-Y-300x300.png 300w, https:\/\/polar.org.tr\/wp-content\/uploads\/2024\/10\/CV-FOTO-Y-150x150.png 150w\" sizes=\"auto, (max-width: 598px) 100vw, 598px\" \/><\/figure><div class=\"wp-block-media-text__content\">\n<p><strong>Ali Necati Ko\u00e7ak<\/strong><br>Ekonometrist (Lisans) \/ <em>Gazi \u00dcniversitesi (1997)<\/em><br>Siyasal \u0130leti\u015fim (Y\u00fcksek Lisans) \/ <em>Ankara Hac\u0131 Bayram Veli \u00dcniversitesi (2023)<\/em><\/p>\n<\/div><\/div>\n\n\n\n<p><\/p>\n","protected":false},"excerpt":{"rendered":"<p>Polar &#8211; Politik Ara\u015ft\u0131rmalar Merkezi 2018 y\u0131l\u0131nda kurulmu\u015f bir d\u00fc\u015f\u00fcnce kurulu\u015fudur. \u00c7al\u0131\u015ft\u0131\u011f\u0131 proje, ki\u015fi ve kurumlar i\u00e7in \u00f6ncelikli olarak Politika Notlar\u0131 \u00fcretmekte, se\u00e7im sonu\u00e7lar\u0131 analizleri ve raporlar\u0131 yay\u0131nlamaktad\u0131r. Ali Necati Ko\u00e7akEkonometrist (Lisans) \/ Gazi \u00dcniversitesi (1997)Siyasal \u0130leti\u015fim (Y\u00fcksek Lisans) \/ Ankara Hac\u0131 Bayram Veli \u00dcniversitesi (2023)<\/p>\n","protected":false},"author":1,"featured_media":0,"parent":0,"menu_order":0,"comment_status":"closed","ping_status":"closed","template":"","meta":{"footnotes":""},"class_list":["post-6","page","type-page","status-publish","hentry"],"_links":{"self":[{"href":"https:\/\/polar.org.tr\/index.php?rest_route=\/wp\/v2\/pages\/6","targetHints":{"allow":["GET"]}}],"collection":[{"href":"https:\/\/polar.org.tr\/index.php?rest_route=\/wp\/v2\/pages"}],"about":[{"href":"https:\/\/polar.org.tr\/index.php?rest_route=\/wp\/v2\/types\/page"}],"author":[{"embeddable":true,"href":"https:\/\/polar.org.tr\/index.php?rest_route=\/wp\/v2\/users\/1"}],"replies":[{"embeddable":true,"href":"https:\/\/polar.org.tr\/index.php?rest_route=%2Fwp%2Fv2%2Fcomments&post=6"}],"version-history":[{"count":5,"href":"https:\/\/polar.org.tr\/index.php?rest_route=\/wp\/v2\/pages\/6\/revisions"}],"predecessor-version":[{"id":89,"href":"https:\/\/polar.org.tr\/index.php?rest_route=\/wp\/v2\/pages\/6\/revisions\/89"}],"wp:attachment":[{"href":"https:\/\/polar.org.tr\/index.php?rest_route=%2Fwp%2Fv2%2Fmedia&parent=6"}],"curies":[{"name":"wp","href":"https:\/\/api.w.org\/{rel}","templated":true}]}}

Hakkımızda

<p><strong>Polar &#8211; Politik Araştırmalar Merkezi</strong> 2018 yılında kurulmuş bir düşünce kuruluşudur.</p>



<p>Çalıştığı proje, kişi ve kurumlar için öncelikli olarak <strong>Politika Notları</strong> üretmekte, seçim sonuçları analizleri ve raporları yayınlamaktadır.</p>



<p></p>



<div class="wp-block-media-text is-stacked-on-mobile" style="grid-template-columns:20% auto"><figure class="wp-block-media-text__media"><img loading="lazy" decoding="async" width="598" height="598" src="https://polar.org.tr/wp-content/uploads/2024/10/CV-FOTO-Y.png" alt="" class="wp-image-88 size-full" srcset="https://polar.org.tr/wp-content/uploads/2024/10/CV-FOTO-Y.png 598w, https://polar.org.tr/wp-content/uploads/2024/10/CV-FOTO-Y-300x300.png 300w, https://polar.org.tr/wp-content/uploads/2024/10/CV-FOTO-Y-150x150.png 150w" sizes="auto, (max-width: 598px) 100vw, 598px" /></figure><div class="wp-block-media-text__content">
<p><strong>Ali Necati Koçak</strong><br>Ekonometrist (Lisans) / <em>Gazi Üniversitesi (1997)</em><br>Siyasal İletişim (Yüksek Lisans) / <em>Ankara Hacı Bayram Veli Üniversitesi (2023)</em></p>
</div></div>



<p></p>

<p>Polar &#8211; Politik Araştırmalar Merkezi 2018 yılında kurulmuş bir düşünce kuruluşudur. Çalıştığı proje, kişi ve kurumlar için öncelikli olarak Politika Notları üretmekte, seçim sonuçları analizleri ve raporları yayınlamaktadır. Ali Necati KoçakEkonometrist (Lisans) / Gazi Üniversitesi (1997)Siyasal İletişim (Yüksek Lisans) / Ankara Hacı Bayram Veli Üniversitesi (2023)</p>
